{"id":562,"date":"2020-07-30T13:13:26","date_gmt":"2020-07-30T13:13:26","guid":{"rendered":"https:\/\/gartenkreisverband-bitterfeld.de\/?page_id=562"},"modified":"2022-03-02T09:27:29","modified_gmt":"2022-03-02T09:27:29","slug":"informationen-zum-mehrgenerationenhaus-mhg","status":"publish","type":"page","link":"https:\/\/gartenkreisverband-bitterfeld.de\/?page_id=562","title":{"rendered":"Informationen zum Mehrgenerationenhaus (MGH)"},"content":{"rendered":"\n<div class=\"wp-block-columns\">\n<div class=\"wp-block-column\" style=\"flex-basis:33.33%\">\n<h2>Wenn<\/h2>\n\n\n\n<p class=\"has-very-dark-gray-color has-text-color has-normal-font-size\"><strong>Sie sich mehr \u00fcber das Mehrgenerationenhaus informieren m\u00f6chten k\u00f6nnen Sie auf dieses Bild klicken und Sie kommen direkt auf die Website vom Mehrgenerationenhaus<\/strong><\/p>\n<\/div>\n\n\n\n<div class=\"wp-block-column is-vertically-aligned-center\" style=\"flex-basis:66.66%\">\n<figure class=\"wp-block-image size-large is-resized\"><a href=\"https:\/\/mgh-bitterfeld-wolfen.de\/\"><img loading=\"lazy\" src=\"https:\/\/gartenkreisverband-bitterfeld.de\/wp-content\/uploads\/2020\/04\/2020-04-14_18-25-07_000-1024x768.jpeg\" alt=\"\" class=\"wp-image-299\" width=\"303\" height=\"226\" srcset=\"https:\/\/gartenkreisverband-bitterfeld.de\/wp-content\/uploads\/2020\/04\/2020-04-14_18-25-07_000-1024x768.jpeg 1024w, https:\/\/gartenkreisverband-bitterfeld.de\/wp-content\/uploads\/2020\/04\/2020-04-14_18-25-07_000-300x225.jpeg 300w, https:\/\/gartenkreisverband-bitterfeld.de\/wp-content\/uploads\/2020\/04\/2020-04-14_18-25-07_000-768x576.jpeg 768w, https:\/\/gartenkreisverband-bitterfeld.de\/wp-content\/uploads\/2020\/04\/2020-04-14_18-25-07_000-1536x1152.jpeg 1536w, https:\/\/gartenkreisverband-bitterfeld.de\/wp-content\/uploads\/2020\/04\/2020-04-14_18-25-07_000.jpeg 1600w\" sizes=\"(max-width: 303px) 100vw, 303px\" \/><\/a><\/figure>\n<\/div>\n<\/div>\n\n\n\n<h2>Kurzbeschreibung<\/h2>\n\n\n\n<p class=\"has-very-dark-gray-color has-text-color has-normal-font-size\"><strong>Aufgrund des hohen Altersdurchschnitts, der in Wolfen-Nord 58 Jahre betr\u00e4gt, ist es am Standort besonders wichtig, Angebote zu schaffen, um die Generationen miteinander in einen Dialog zu bringen.<\/strong><\/p>\n","protected":false},"excerpt":{"rendered":"<p>Wenn Sie sich mehr \u00fcber das Mehrgenerationenhaus informieren m\u00f6chten k\u00f6nnen Sie auf dieses Bild klicken und Sie kommen direkt auf die Website vom Mehrgenerationenhaus Kurzbeschreibung Aufgrund des hohen Altersdurchschnitts, der in Wolfen-Nord 58 Jahre betr\u00e4gt, ist es am Standort besonders wichtig, Angebote zu schaffen, um die Generationen miteinander in einen Dialog zu bringen.<\/p>\n","protected":false},"author":1,"featured_media":0,"parent":0,"menu_order":0,"comment_status":"closed","ping_status":"closed","template":"","meta":[],"_links":{"self":[{"href":"https:\/\/gartenkreisverband-bitterfeld.de\/index.php?rest_route=\/wp\/v2\/pages\/562"}],"collection":[{"href":"https:\/\/gartenkreisverband-bitterfeld.de\/index.php?rest_route=\/wp\/v2\/pages"}],"about":[{"href":"https:\/\/gartenkreisverband-bitterfeld.de\/index.php?rest_route=\/wp\/v2\/types\/page"}],"author":[{"embeddable":true,"href":"https:\/\/gartenkreisverband-bitterfeld.de\/index.php?rest_route=\/wp\/v2\/users\/1"}],"replies":[{"embeddable":true,"href":"https:\/\/gartenkreisverband-bitterfeld.de\/index.php?rest_route=%2Fwp%2Fv2%2Fcomments&post=562"}],"version-history":[{"count":20,"href":"https:\/\/gartenkreisverband-bitterfeld.de\/index.php?rest_route=\/wp\/v2\/pages\/562\/revisions"}],"predecessor-version":[{"id":1383,"href":"https:\/\/gartenkreisverband-bitterfeld.de\/index.php?rest_route=\/wp\/v2\/pages\/562\/revisions\/1383"}],"wp:attachment":[{"href":"https:\/\/gartenkreisverband-bitterfeld.de\/index.php?rest_route=%2Fwp%2Fv2%2Fmedia&parent=562"}],"curies":[{"name":"wp","href":"https:\/\/api.w.org\/{rel}","templated":true}]}}