{"id":122,"date":"2020-03-25T18:48:10","date_gmt":"2020-03-25T18:48:10","guid":{"rendered":"http:\/\/gartenkreisverband-bitterfeld.de\/?page_id=122"},"modified":"2025-01-30T13:19:13","modified_gmt":"2025-01-30T11:19:13","slug":"freie-gaerten","status":"publish","type":"page","link":"https:\/\/gartenkreisverband-bitterfeld.de\/?page_id=122","title":{"rendered":"Freie G\u00e4rten"},"content":{"rendered":"\n<div class=\"wp-container-2 wp-block-group alignwide\"><div class=\"wp-block-group__inner-container\">\n<div class=\"wp-block-media-text alignwide has-media-on-the-right is-stacked-on-mobile\" style=\"grid-template-columns:auto 27%\"><figure class=\"wp-block-media-text__media\"><img loading=\"lazy\" width=\"576\" height=\"1024\" src=\"http:\/\/gartenkreisverband-bitterfeld.de\/wp-content\/uploads\/2020\/03\/Rose-576x1024.jpg\" alt=\"\" class=\"wp-image-67 size-full\" srcset=\"https:\/\/gartenkreisverband-bitterfeld.de\/wp-content\/uploads\/2020\/03\/Rose-576x1024.jpg 576w, https:\/\/gartenkreisverband-bitterfeld.de\/wp-content\/uploads\/2020\/03\/Rose-169x300.jpg 169w, https:\/\/gartenkreisverband-bitterfeld.de\/wp-content\/uploads\/2020\/03\/Rose.jpg 720w\" sizes=\"(max-width: 576px) 100vw, 576px\" \/><\/figure><div class=\"wp-block-media-text__content\">\n<pre class=\"wp-block-preformatted\"><strong>Warum sollten auch <font color=\"#FF0000\" size=\"5\">Sie<\/font><font size=\"3\"> <\/font>einen Kleingarten besitzen?<\/strong>\n<strong>\nWenn <font size=\"5\" color=\"#FF0000\">Sie<\/font><font size=\"3\"> <\/font> den wundervollen Anblick der Baumbl\u00fcte von einer Gartenterrasse  aus erleben wollen.\n<\/strong>\n<strong>Wenn <font color=\"#FF0000\" size=\"5\">Sie<\/font><font size=\"3\"> <\/font> sich im Fr\u00fchling, Sommer und Herbst an der reichen Pracht der Blumen und dem<\/strong> \n<strong>Konzert der V\u00f6gel erfreuen m\u00f6chten.<\/strong>\n<strong>\nWenn <font size=\"5\" color=\"#FF0000\">Sie<\/font><font size=\"3\"> <\/font>\nFreude daran haben selbst gepflanztes Obst und Gem\u00fcse zu ernten.<\/strong>\n<strong>\nWenn <font size=\"5\" color=\"#FF0000\">Sie<\/font><font size=\"3\"> <\/font> sich mit Ihrer Familie in nat\u00fcrlicher Umgebung die Zeit vertreiben wollen.<\/strong>\n<strong>\nWenn <font size=\"5\" color=\"#FF0000\">Sie<\/font><font size=\"3\"> <\/font> auch einmal im Familien- oder Freundeskreis eine gem\u00fctliche Kaffeerunde oder<\/strong>\n<strong>ein Grillfest im Freien genie\u00dfen m\u00f6chten.<\/strong>\n<strong>\nWenn <font size=\"5\" color=\"#FF0000\">Sie<\/font><font size=\"3\"> <\/font> gem\u00fctliches Feiern unter Gleichgesinnten lieben.<\/strong>\n<strong>\nWenn <font size=\"5\" color=\"#FF0000\">Sie<\/font><font size=\"3\"> <\/font> sich gern in der Natur aufhalten.<\/strong>\n<strong>\n<em>dann sollten auch <font color=\"#FF0000\" size=\"5\">Sie<\/font><font size=\"3\"> <\/font> einen Kleingarten im Altlandkreis  Anhalt-Bitterfeld pachten!<\/em>\n<\/strong><\/pre>\n\n\n\n<div class=\"wp-block-button is-style-outline\"><a class=\"wp-block-button__link has-very-dark-gray-color has-vivid-green-cyan-background-color has-text-color has-background\">Verf\u00fcgbare G\u00e4rten<\/a><\/div>\n\n\n\n<p><\/p>\n\n\n\n<div class=\"wp-container-1 wp-block-group\"><div class=\"wp-block-group__inner-container\">\n<h2>Garten Poesie<br><\/h2>\n\n\n\n<pre class=\"wp-block-verse has-text-align-left\"> \"Willst du eine Stunde lang gl\u00fccklich sein,  dann betrinke dich.<br><br>Willst du drei Tage  gl\u00fccklich sein, dann schlachte ein Kalb.<br><br> Willst du ein Jahr  lang gl\u00fccklich sein, dann heirate.<br><br> Willst du aber ein  Leben lang gl\u00fccklich sein, dann nimm einen Garten.<br><br>(Chinesisches Sprichwort) <br><\/pre>\n<\/div><\/div>\n<\/div><\/div>\n<\/div><\/div>\n\n\n\n<p><\/p>\n","protected":false},"excerpt":{"rendered":"<p>Warum sollten auch Sie einen Kleingarten besitzen? Wenn Sie den wundervollen Anblick der Baumbl\u00fcte von einer Gartenterrasse aus erleben wollen. Wenn Sie sich im Fr\u00fchling, Sommer und Herbst an der reichen Pracht der Blumen und dem Konzert der V\u00f6gel erfreuen m\u00f6chten. Wenn Sie Freude daran haben selbst gepflanztes Obst und Gem\u00fcse zu ernten. Wenn Sie [&hellip;]<\/p>\n","protected":false},"author":1,"featured_media":0,"parent":0,"menu_order":0,"comment_status":"closed","ping_status":"closed","template":"","meta":[],"_links":{"self":[{"href":"https:\/\/gartenkreisverband-bitterfeld.de\/index.php?rest_route=\/wp\/v2\/pages\/122"}],"collection":[{"href":"https:\/\/gartenkreisverband-bitterfeld.de\/index.php?rest_route=\/wp\/v2\/pages"}],"about":[{"href":"https:\/\/gartenkreisverband-bitterfeld.de\/index.php?rest_route=\/wp\/v2\/types\/page"}],"author":[{"embeddable":true,"href":"https:\/\/gartenkreisverband-bitterfeld.de\/index.php?rest_route=\/wp\/v2\/users\/1"}],"replies":[{"embeddable":true,"href":"https:\/\/gartenkreisverband-bitterfeld.de\/index.php?rest_route=%2Fwp%2Fv2%2Fcomments&post=122"}],"version-history":[{"count":15,"href":"https:\/\/gartenkreisverband-bitterfeld.de\/index.php?rest_route=\/wp\/v2\/pages\/122\/revisions"}],"predecessor-version":[{"id":2006,"href":"https:\/\/gartenkreisverband-bitterfeld.de\/index.php?rest_route=\/wp\/v2\/pages\/122\/revisions\/2006"}],"wp:attachment":[{"href":"https:\/\/gartenkreisverband-bitterfeld.de\/index.php?rest_route=%2Fwp%2Fv2%2Fmedia&parent=122"}],"curies":[{"name":"wp","href":"https:\/\/api.w.org\/{rel}","templated":true}]}}